 prime factors of 2758901.
2758901
List the prime factors of 4830203.
7, 31, 22259
What are the prime factors of 1559234?
2, 779617
What are the prime factors of 16161799?
19, 691, 1231
List the prime factors of 7254741.
3, 13, 186019
List the prime factors of 162208.
2, 37, 137
List the prime factors of 13896.
2, 3, 193
List the prime factors of 1095081.
3, 13, 43, 653
List the prime factors of 473294.
2, 23, 10289
List the prime factors of 9680590.
2, 5, 43, 47, 479
What are the prime factors of 65020?
2, 5, 3251
List the prime factors of 1274547.
3, 424849
List the prime factors of 2730829.
17, 160637
What are the prime factors of 4982237?
13, 19, 23, 877
List the prime factors of 730091.
730091
List the prime factors of 7450561.
41, 181721
List the prime factors of 42614.
2, 11, 13, 149
List the prime factors of 341461.
341461
List the prime factors of 4515535.
5, 41, 22027
What are the prime factors of 300257?
19, 15803
List the prime factors of 5752264.
2, 7, 59, 1741
List the prime factors of 357245.
5, 7, 59, 173
List the prime factors of 11049084.
2, 3, 306919
List the prime factors of 21062978.
2, 739, 14251
List the prime factors of 1366256.
2, 17, 5023
What are the prime factors of 2167080?
2, 3, 5, 18059
List the prime factors of 27030754.
2, 13515377
List the prime factors of 1383021.
3, 181, 283
List the prime factors of 5619471.
3, 11, 13, 13099
What are the prime factors of 318481?
23, 61, 227
List the prime factors of 634370.
2, 5, 11, 73, 79
List the prime factors of 377544.
2, 3, 15731
List the prime factors of 675209.
61, 11069
List the prime factors of 890393.
7, 311, 409
List the prime factors of 44511.
3, 37, 401
What are the prime factors of 211504?
2, 13219
What are the prime factors of 398545?
5, 7, 59, 193
List the prime factors of 636869.
29, 21961
List the prime factors of 484995.
3, 5, 7, 31, 149
List the prime factors of 155475.
3, 5, 691
List the prime factors of 430646.
2, 163, 1321
What are the prime factors of 640605?
3, 5, 7, 6101
What are the prime factors of 791124?
2, 3, 65927
List the prime factors of 16053841.
19, 59, 14321
List the prime factors of 178164.
2, 3, 7, 101
What are the prime factors of 2052495?
3, 5, 17, 2683
List the prime factors of 14681155.
5, 47, 62473
List the prime factors of 1207752.
2, 3, 7, 13, 79
What are the prime factors of 392537?
173, 2269
What are the prime factors of 184248?
2, 3, 853
What are the prime factors of 768230?
2, 5, 17, 4519
List the prime factors of 4728069.
3, 613, 857
What are the prime factors of 1068046?
2, 7, 76289
What are the prime factors of 1651?
13, 127
List the prime factors of 3977972.
2, 269, 3697
What are the prime factors of 513107?
7, 23, 3187
List the prime factors of 2779670.
2, 5, 17, 83, 197
What are the prime factors of 3922288?
2, 43, 5701
List the prime factors of 177859.
11, 19, 23, 37
List the prime factors of 112521.
3, 37507
What are the prime factors of 18469044?
2, 3, 11, 46639
What are the prime factors of 9003211?
7, 43, 4273
What are the prime factors of 35049773?
11, 43, 74101
List the prime factors of 2255984.
2, 19, 41, 181
List the prime factors of 263711.
7, 101, 373
List the prime factors of 1477883.
11, 134353
What are the prime factors of 5481819?
3, 7, 87013
What are the prime factors of 10595?
5, 13, 163
What are the prime factors of 20289000?
2, 3, 5, 6763
List the prime factors of 1491336.
2, 3, 7, 11, 269
What are the prime factors of 11310264?
2, 3, 7, 22441
What are the prime factors of 1156515?
3, 5, 77101
What are the prime factors of 59696?
2, 7, 13, 41
List the prime factors of 38991309.
3, 7, 265247
What are the prime factors of 518682?
2, 3, 137, 631
What are the prime factors of 636900?
2, 3, 5, 11, 193
What are the prime factors of 4261032?
2, 3, 19727
List the prime factors of 3317694.
2, 3, 53, 10433
What are the prime factors of 1493008?
2, 11, 17, 499
List the prime factors of 4111555.
5, 7, 79, 1487
What are the prime factors of 1456996?
2, 19, 1009
List the prime factors of 319150.
2, 5, 13, 491
What are the prime factors of 385855?
5, 77171
List the prime factors of 634111.
127, 4993
List the prime factors of 2402541.
3, 9887
What are the prime factors of 2376458?
2, 7, 199, 853
List the prime factors of 18332546.
2, 9166273
What are the prime factors of 8378817?
3, 2792939
What are the prime factors of 794031?
3, 7, 37811
What are the prime factors of 3354794?
2, 53, 31649
What are the prime factors of 339301?
311, 1091
List the prime factors of 1198363.
1198363
List the prime factors of 8946012.
2, 3, 17, 43853
List the prime factors of 553319.
13, 31, 1373
List the prime factors of 73099.
13, 5623
What are the prime factors of 8429882?
2, 19, 97, 2287
What are the prime factors of 9899207?
857, 11551
What are the prime factors of 1673309?
11, 13829
What are the prime factors of 1455935?
5, 13, 1723
What are the prime factors of 2952570?
2, 3, 5, 98419
List the prime factors of 179716.
2, 179, 251
What are the prime factors of 15684831?
3, 613, 2843
What are the prime factors of 2518992?
2, 3, 7, 17
What are the prime factors of 205070?
2, 5, 20507
List the prime factors of 63329.
7, 83, 109
What are the prime factors of 408553?
408553
List the prime factors of 58529.
107, 547
What are the prime factors of 360997?
7, 13, 3967
List the prime factors of 323546.
2, 161773
List the prime factors of 346871.
7, 7079
List the prime factors of 5089962.
2, 3, 61, 13907
List the prime factors of 949943.
17, 19, 173
What are the prime factors of 2042301?
3, 680767
What are the prime factors of 25151269?
11, 13, 19, 9257
What are the prime factors of 248286?
2, 3, 41381
List the prime factors of 12498425.
5, 31, 16127
What are the prime factors of 16487?
16487
What are the prime factors of 144774?
2, 3, 7, 383
List the prime factors of 295736.
2, 7, 5281
List the prime factors of 23272127.
23272127
What are the prime factors of 40323?
3, 13441
List the prime factors of 97491.
3, 32497
What are the prime factors of 981839?
823, 1193
List the prime factors of 8248506.
2, 3, 7, 277, 709
What are the prime factors of 1257776?
2, 13, 6047
List the prime factors of 161931.
3, 7, 11, 701
What are the prime factors of 16934172?
2, 3, 1411181
What are the prime factors of 11478276?
2, 3, 318841
What are the prime factors of 310516?
2, 149, 521
List the prime factors of 40241699.
40241699
List the prime factors of 9693027.
3, 113, 353
List the prime factors of 1000515.
3, 5, 66701
List the prime factors of 4862618.
2, 857, 2837
What are the prime factors of 1243984?
2, 7, 29, 383
List the prime factors of 88443.
3, 31, 317
What are the prime factors of 4865617?
97, 103, 487
List the prime factors of 12479163.
3, 293, 14197
List the prime factors of 14668974.
2, 3, 814943
What are the prime factors of 878099?
878099
What are the prime factors of 84154?
2, 7, 6011
What are the prime factors of 319944?
2, 3, 13331
What are the prime factors of 222401?
29, 7669
List the prime factors of 150778.
2, 75389
List the prime factors of 180301.
11, 37, 443
List the prime factors of 2390678.
2, 337, 3547
What are the prime factors of 182465?
5, 36493
List the prime factors of 185989.
61, 3049
What are the prime factors of 12145360?
2, 5, 151817
What are the prime factors of 569056?
2, 17783
What are the prime factors of 1970517?
3, 656839
What are the prime factors of 174112?
2, 5441
What are the prime factors of 338748?
2, 3, 28229
What are the prime factors of 392772?
2, 3, 71, 461
What are the prime factors of 31411089?
3, 29, 120349
List the prime factors of 13148.
2, 19, 173
List the prime factors of 25864006.
2, 7, 23, 47, 1709
List the prime factors of 49350.
2, 3, 5, 7, 47
What are the prime factors of 7516699?
23, 71, 4603
What are the prime factors of 22833581?
61, 374321
What are the prime factors of 6432157?
23, 279659
List the prime factors of 3640842.
2, 3, 191, 353
What are the prime factors of 278713?
109, 2557
What are the prime factors of 3342348?
2, 3, 227, 409
What are the prime factors of 128665?
5, 25733
List the prime factors of 391735.
5, 78347
List the prime factors of 547791.
3, 17, 23, 467
List the prime factors of 171831.
3, 11, 41, 127
List the prime factors of 648629.
648629
What are the prime fa